{"id":23,"date":"2015-07-06T08:27:42","date_gmt":"2015-07-06T08:27:42","guid":{"rendered":"http:\/\/handisport41.fr\/?page_id=23"},"modified":"2022-02-24T13:57:50","modified_gmt":"2022-02-24T13:57:50","slug":"association-sportive-des-handicapes-blesois","status":"publish","type":"page","link":"https:\/\/handisport41.fr\/?page_id=23","title":{"rendered":"Association Sportive des Handicap\u00e9s Bl\u00e9sois"},"content":{"rendered":"<p><img decoding=\"async\" loading=\"lazy\" class=\"alignleft wp-image-144\" src=\"http:\/\/handisport41.fr\/wp-content\/uploads\/2015\/07\/logo_ashb-277x300.jpg\" alt=\"logo_ashb\" width=\"200\" height=\"217\" srcset=\"https:\/\/handisport41.fr\/wp-content\/uploads\/2015\/07\/logo_ashb-277x300.jpg 277w, https:\/\/handisport41.fr\/wp-content\/uploads\/2015\/07\/logo_ashb-1x1.jpg 1w, https:\/\/handisport41.fr\/wp-content\/uploads\/2015\/07\/logo_ashb.jpg 500w\" sizes=\"(max-width: 200px) 100vw, 200px\" \/><\/p>\n<p>Cr\u00e9\u00e9e en 1972, pr\u00e9sid\u00e9e par Jo\u00ebl Varennes<\/p>\n<p><strong>Adresse :<\/strong> 30, Avenue du Mar\u00e9chal Juin<br \/>\n41000 BLOIS<\/p>\n<p><strong>Contact:<\/strong> <a href=\"mailto:varennes.joel@orange.fr\">varennes.joel@orange.fr<\/a>, 02 54 74 72 12, 06 70 64 52 67<\/p>\n<p><strong>Activit\u00e9s propos\u00e9es<\/strong>:<\/p>\n<ul>\n<li>Boccia (loisir)<\/li>\n<li>Cyclisme Handcycle (loisir, comp\u00e9tition)<\/li>\n<li>Cyclisme Solo\u00a0(loisir, comp\u00e9tition)<\/li>\n<li>Cyclisme Tandem\u00a0(loisir, comp\u00e9tition)<\/li>\n<li>Cyclisme Tricycle\u00a0(loisir, comp\u00e9tition)<\/li>\n<li>Tir Sportif\u00a0(loisir, comp\u00e9tition)<\/li>\n<li>Triathlon (loisir)<\/li>\n<\/ul>\n<p><strong>Public Accueilli:<\/strong> debout, fauteuil manuel, fauteuil \u00e9lectrique, d\u00e9ficient visuel, sourd<\/p>\n","protected":false},"excerpt":{"rendered":"<p>Cr\u00e9\u00e9e en 1972, pr\u00e9sid\u00e9e par Jo\u00ebl Varennes Adresse : 30, Avenue du Mar\u00e9chal Juin 41000 BLOIS Contact: varennes.joel@orange.fr, 02 54 74 72 12, 06 70 64 52 67 Activit\u00e9s propos\u00e9es: Boccia (loisir) Cyclisme Handcycle (loisir, comp\u00e9tition) Cyclisme Solo\u00a0(loisir, comp\u00e9tition) Cyclisme Tandem\u00a0(loisir, comp\u00e9tition) Cyclisme Tricycle\u00a0(loisir, comp\u00e9tition) Tir Sportif\u00a0(loisir, comp\u00e9tition) Triathlon (loisir) Public Accueilli: debout, fauteuil manuel,&#8230;<\/p>\n","protected":false},"author":1,"featured_media":0,"parent":0,"menu_order":0,"comment_status":"closed","ping_status":"open","template":"","meta":[],"_links":{"self":[{"href":"https:\/\/handisport41.fr\/index.php?rest_route=\/wp\/v2\/pages\/23"}],"collection":[{"href":"https:\/\/handisport41.fr\/index.php?rest_route=\/wp\/v2\/pages"}],"about":[{"href":"https:\/\/handisport41.fr\/index.php?rest_route=\/wp\/v2\/types\/page"}],"author":[{"embeddable":true,"href":"https:\/\/handisport41.fr\/index.php?rest_route=\/wp\/v2\/users\/1"}],"replies":[{"embeddable":true,"href":"https:\/\/handisport41.fr\/index.php?rest_route=%2Fwp%2Fv2%2Fcomments&post=23"}],"version-history":[{"count":6,"href":"https:\/\/handisport41.fr\/index.php?rest_route=\/wp\/v2\/pages\/23\/revisions"}],"predecessor-version":[{"id":777,"href":"https:\/\/handisport41.fr\/index.php?rest_route=\/wp\/v2\/pages\/23\/revisions\/777"}],"wp:attachment":[{"href":"https:\/\/handisport41.fr\/index.php?rest_route=%2Fwp%2Fv2%2Fmedia&parent=23"}],"curies":[{"name":"wp","href":"https:\/\/api.w.org\/{rel}","templated":true}]}}