{"id":25,"date":"2015-07-06T08:28:24","date_gmt":"2015-07-06T08:28:24","guid":{"rendered":"http:\/\/handisport41.fr\/?page_id=25"},"modified":"2018-12-12T11:31:07","modified_gmt":"2018-12-12T11:31:07","slug":"bienvenue","status":"publish","type":"page","link":"https:\/\/handisport41.fr\/","title":{"rendered":"Accueil"},"content":{"rendered":"<p>Bienvenue\u00a0sur le site internet du Comit\u00e9 D\u00e9partemental Handisport de Loir-et-Cher.<\/p>\n<p>Vous y trouverez des informations utiles, des photos et vid\u00e9os &#8230;<\/p>\n<p>Chaque jour il s&rsquo;\u00e9toffe un peu plus &#8230;<\/p>\n<p>N&rsquo;h\u00e9sitez pas \u00e0 nous contacter en utilisant le formulaire de contact.<\/p>\n<p>A tr\u00e8s bient\u00f4t !<\/p>\n","protected":false},"excerpt":{"rendered":"<p>Bienvenue\u00a0sur le site internet du Comit\u00e9 D\u00e9partemental Handisport de Loir-et-Cher. Vous y trouverez des informations utiles, des photos et vid\u00e9os &#8230; Chaque jour il s&rsquo;\u00e9toffe un peu plus &#8230; N&rsquo;h\u00e9sitez pas \u00e0 nous contacter en utilisant le formulaire de contact. A tr\u00e8s bient\u00f4t !<\/p>\n","protected":false},"author":1,"featured_media":296,"parent":0,"menu_order":0,"comment_status":"closed","ping_status":"open","template":"","meta":[],"_links":{"self":[{"href":"https:\/\/handisport41.fr\/index.php?rest_route=\/wp\/v2\/pages\/25"}],"collection":[{"href":"https:\/\/handisport41.fr\/index.php?rest_route=\/wp\/v2\/pages"}],"about":[{"href":"https:\/\/handisport41.fr\/index.php?rest_route=\/wp\/v2\/types\/page"}],"author":[{"embeddable":true,"href":"https:\/\/handisport41.fr\/index.php?rest_route=\/wp\/v2\/users\/1"}],"replies":[{"embeddable":true,"href":"https:\/\/handisport41.fr\/index.php?rest_route=%2Fwp%2Fv2%2Fcomments&post=25"}],"version-history":[{"count":4,"href":"https:\/\/handisport41.fr\/index.php?rest_route=\/wp\/v2\/pages\/25\/revisions"}],"predecessor-version":[{"id":664,"href":"https:\/\/handisport41.fr\/index.php?rest_route=\/wp\/v2\/pages\/25\/revisions\/664"}],"wp:featuredmedia":[{"embeddable":true,"href":"https:\/\/handisport41.fr\/index.php?rest_route=\/wp\/v2\/media\/296"}],"wp:attachment":[{"href":"https:\/\/handisport41.fr\/index.php?rest_route=%2Fwp%2Fv2%2Fmedia&parent=25"}],"curies":[{"name":"wp","href":"https:\/\/api.w.org\/{rel}","templated":true}]}}