{"id":510,"date":"2017-10-19T09:23:36","date_gmt":"2017-10-19T09:23:36","guid":{"rendered":"http:\/\/handisport41.fr\/?page_id=510"},"modified":"2017-10-27T11:38:13","modified_gmt":"2017-10-27T11:38:13","slug":"pourquoi-et-comment-saffilier-a-handisport","status":"publish","type":"page","link":"https:\/\/handisport41.fr\/?page_id=510","title":{"rendered":"Pourquoi et comment s&rsquo;affilier \u00e0 Handisport ?"},"content":{"rendered":"<h2 class=\"restitle\" style=\"text-align: center;\">Pourquoi s&rsquo;affilier \u00e0 la\u00a0F\u00e9d\u00e9ration Fran\u00e7aise Handisport<\/h2>\n<h2 class=\"red\">10 bonnes raisons de\u00a0s\u2019affilier<\/h2>\n<h3 class=\"maj\">PARTICIPER AU D\u00c9VELOPPEMENT DE NOTRE MOUVEMENT<\/h3>\n<p>S\u2019affilier \u00e0 la FFH, c\u2019est faire partie de la famille Handisport.<\/p>\n<h3 class=\"maj\">ASSURANCE<\/h3>\n<p>S\u2019affilier, c\u2019est assurer l\u2019association, les sportifs et les encadrants dans le cadre de leurs activit\u00e9s handisport au sein du club.<\/p>\n<h3 class=\"maj\">COMMUNICATION<\/h3>\n<p>Votre structure est identifi\u00e9e au sein du r\u00e9seau Handisport (national, r\u00e9gional, d\u00e9partemental, local) et l\u2019information concernant votre accueil du public en situation de handicap est largement diffus\u00e9e. Vous b\u00e9n\u00e9ficiez du r\u00e9seau communication de la FFH via \u00ab Handisport le mag \u00bb, le site internet\u2026<\/p>\n<h3 class=\"maj\">R\u00c9SEAU<\/h3>\n<p>Votre Comit\u00e9 D\u00e9partemental et votre Comit\u00e9 R\u00e9gional peuvent vous assurer un soutien administratif, logistique et\/ou financier pour des actions sp\u00e9cifiques.<\/p>\n<h3 class=\"maj\">COMP\u00c9TITION<\/h3>\n<p>Pour les activit\u00e9s comp\u00e9titives, s\u2019affilier, c\u2019est la possibilit\u00e9 de participer aux comp\u00e9titions et d\u2019en organiser.<\/p>\n<h3 class=\"maj\">FORMATION<\/h3>\n<p>Le Centre National de Formation Handisport propose de nombreuses formations destin\u00e9es \u00e0 vos cadres licenci\u00e9s. Voir : <a href=\"http:\/\/catalogue-formation.handisport.org\/\" target=\"_blank\" rel=\"noopener noreferrer\">catalogue-formation.handisport.org<\/a><\/p>\n<h3 class=\"maj\">FINANCEMENT<\/h3>\n<p>Toutes les associations affili\u00e9es ont acc\u00e8s aux aides de financement propos\u00e9es par la FFH : aide \u00e0 l\u2019acquisition de mat\u00e9riel, aide \u00e0 la mise en place de projet, \u00e0 l\u2019organisation d\u2019\u00e9v\u00e8nements ou de comp\u00e9titions, de s\u00e9jours sportifs,\u2026 Votre affiliation \u00e0 la FFH vous permet d\u2019acc\u00e9der plus facilement \u00e0 certaines aides financi\u00e8res locales.<\/p>\n<h3 class=\"maj\">EXPERTISE<\/h3>\n<p>La FFH dispose d\u2019un r\u00e9seau d\u2019experts reconnus et comp\u00e9tents dans de nombreux domaines. En rejoignant le mouvement handisport, vous pourrez b\u00e9n\u00e9ficier de leurs conseils et de leurs connaissances.<\/p>\n<h3 class=\"maj\">LA LABELLISATION DES CLUBS<\/h3>\n<p>Elle vise \u00e0 augmenter la qualit\u00e9 de l\u2019offre de pratique en proposant un outil de structuration et de d\u00e9veloppement des clubs, dans de nombreux domaines. Les clubs labellis\u00e9s b\u00e9n\u00e9ficient d\u2019une promotion accrue et d\u2019aides sp\u00e9cifiques \u00e0 travers nos outils de communication d\u00e9di\u00e9s, ainsi que d\u2019une valorisation aupr\u00e8s des partenaires locaux et une attractivit\u00e9 plus forte de nouveaux licenci\u00e9s.<\/p>\n<h3 class=\"maj\">RECONNAISSANCE<\/h3>\n<p>La FFH est reconnue d\u2019utilit\u00e9 publique et b\u00e9n\u00e9ficie par ailleurs d\u2019une d\u00e9l\u00e9gation minist\u00e9rielle pour exercer en France sa mission. Ses clubs et comit\u00e9s d\u00fbment affili\u00e9s peuvent \u00e0 travers ce statut, recevoir des dons, subventions ou autres recettes et d\u00e9livrer des re\u00e7us fiscaux. Enfin, ces m\u00eames structures peuvent percevoir des legs mais qu\u2019\u00e0 travers le si\u00e8ge social f\u00e9d\u00e9ral.<\/p>\n<h2 class=\"restitle\" style=\"text-align: center;\">Les d\u00e9marches pour \u00eatre affili\u00e9 \u00e0 la F\u00e9d\u00e9ration Fran\u00e7aise Handisport<\/h2>\n<p><span style=\"font-size: 14px;\">Vous \u00eates un club sportif valide, vous avez la volont\u00e9 de vous ouvrir au handicap, quelle marche \u00e0 suivre\u00a0? Vous pouvez t\u00e9l\u00e9charger en PDF ci-dessous des informations sur les pratiques handisport par rapport aux types de handicap, les d\u00e9marches pour cr\u00e9er un club handisport ou une section handisport dans votre club valide \u2026. cliquez sur le lien ci-dessous :<\/span><\/p>\n<p style=\"text-align: center;\"><a href=\"http:\/\/www.handisport.org\/affilier-son-club\/\">http:\/\/www.handisport.org\/affilier-son-club\/<\/a><\/p>\n<p>&nbsp;<\/p>\n","protected":false},"excerpt":{"rendered":"<p>Pourquoi s&rsquo;affilier \u00e0 la\u00a0F\u00e9d\u00e9ration Fran\u00e7aise Handisport 10 bonnes raisons de\u00a0s\u2019affilier PARTICIPER AU D\u00c9VELOPPEMENT DE NOTRE MOUVEMENT S\u2019affilier \u00e0 la FFH, c\u2019est faire partie de la famille Handisport. ASSURANCE S\u2019affilier, c\u2019est assurer l\u2019association, les sportifs et les encadrants dans le cadre de leurs activit\u00e9s handisport au sein du club. COMMUNICATION Votre structure est identifi\u00e9e au sein&#8230;<\/p>\n","protected":false},"author":2,"featured_media":0,"parent":49,"menu_order":0,"comment_status":"closed","ping_status":"closed","template":"","meta":[],"_links":{"self":[{"href":"https:\/\/handisport41.fr\/index.php?rest_route=\/wp\/v2\/pages\/510"}],"collection":[{"href":"https:\/\/handisport41.fr\/index.php?rest_route=\/wp\/v2\/pages"}],"about":[{"href":"https:\/\/handisport41.fr\/index.php?rest_route=\/wp\/v2\/types\/page"}],"author":[{"embeddable":true,"href":"https:\/\/handisport41.fr\/index.php?rest_route=\/wp\/v2\/users\/2"}],"replies":[{"embeddable":true,"href":"https:\/\/handisport41.fr\/index.php?rest_route=%2Fwp%2Fv2%2Fcomments&post=510"}],"version-history":[{"count":2,"href":"https:\/\/handisport41.fr\/index.php?rest_route=\/wp\/v2\/pages\/510\/revisions"}],"predecessor-version":[{"id":536,"href":"https:\/\/handisport41.fr\/index.php?rest_route=\/wp\/v2\/pages\/510\/revisions\/536"}],"up":[{"embeddable":true,"href":"https:\/\/handisport41.fr\/index.php?rest_route=\/wp\/v2\/pages\/49"}],"wp:attachment":[{"href":"https:\/\/handisport41.fr\/index.php?rest_route=%2Fwp%2Fv2%2Fmedia&parent=510"}],"curies":[{"name":"wp","href":"https:\/\/api.w.org\/{rel}","templated":true}]}}