{"id":69,"date":"2015-07-06T08:59:22","date_gmt":"2015-07-06T08:59:22","guid":{"rendered":"http:\/\/handisport41.fr\/?page_id=69"},"modified":"2022-02-24T13:55:16","modified_gmt":"2022-02-24T13:55:16","slug":"association-memorise-olympique-de-mer-tennis-de-table","status":"publish","type":"page","link":"https:\/\/handisport41.fr\/?page_id=69","title":{"rendered":"Association M\u00e9roise Olympique, Tennis de Table"},"content":{"rendered":"<p><img decoding=\"async\" loading=\"lazy\" class=\"alignleft size-medium wp-image-151\" src=\"http:\/\/handisport41.fr\/wp-content\/uploads\/2015\/07\/amo_tt-230x300.jpg\" alt=\"amo_tt\" width=\"230\" height=\"300\" srcset=\"https:\/\/handisport41.fr\/wp-content\/uploads\/2015\/07\/amo_tt-230x300.jpg 230w, https:\/\/handisport41.fr\/wp-content\/uploads\/2015\/07\/amo_tt-1x1.jpg 1w, https:\/\/handisport41.fr\/wp-content\/uploads\/2015\/07\/amo_tt.jpg 500w\" sizes=\"(max-width: 230px) 100vw, 230px\" \/><\/p>\n<p>Cr\u00e9\u00e9e en 2004, pr\u00e9sid\u00e9e par Laurent BOISGARD<\/p>\n<p><strong>Contact :<\/strong> <a href=\"mailto:amo-mer-tt@orange.fr\">amo-mer-tt@orange.fr<\/a>, 02 54 81 17 11<\/p>\n<p><strong>Site internet :\u00a0<\/strong><a href=\"http:\/\/www.amomer-tt.fr\" target=\"_blank\" rel=\"noopener noreferrer\">amomer-tt.fr<\/a><\/p>\n<p><strong>Activit\u00e9 propos\u00e9e <\/strong>: Tennis de Table (loisir et comp\u00e9tition)<\/p>\n<p><strong>Public accueilli<\/strong>: debout, fauteuil manuel<\/p>\n","protected":false},"excerpt":{"rendered":"<p>Cr\u00e9\u00e9e en 2004, pr\u00e9sid\u00e9e par Laurent BOISGARD Contact : amo-mer-tt@orange.fr, 02 54 81 17 11 Site internet :\u00a0amomer-tt.fr Activit\u00e9 propos\u00e9e : Tennis de Table (loisir et comp\u00e9tition) Public accueilli: debout, fauteuil manuel<\/p>\n","protected":false},"author":1,"featured_media":0,"parent":0,"menu_order":0,"comment_status":"closed","ping_status":"open","template":"","meta":[],"_links":{"self":[{"href":"https:\/\/handisport41.fr\/index.php?rest_route=\/wp\/v2\/pages\/69"}],"collection":[{"href":"https:\/\/handisport41.fr\/index.php?rest_route=\/wp\/v2\/pages"}],"about":[{"href":"https:\/\/handisport41.fr\/index.php?rest_route=\/wp\/v2\/types\/page"}],"author":[{"embeddable":true,"href":"https:\/\/handisport41.fr\/index.php?rest_route=\/wp\/v2\/users\/1"}],"replies":[{"embeddable":true,"href":"https:\/\/handisport41.fr\/index.php?rest_route=%2Fwp%2Fv2%2Fcomments&post=69"}],"version-history":[{"count":5,"href":"https:\/\/handisport41.fr\/index.php?rest_route=\/wp\/v2\/pages\/69\/revisions"}],"predecessor-version":[{"id":775,"href":"https:\/\/handisport41.fr\/index.php?rest_route=\/wp\/v2\/pages\/69\/revisions\/775"}],"wp:attachment":[{"href":"https:\/\/handisport41.fr\/index.php?rest_route=%2Fwp%2Fv2%2Fmedia&parent=69"}],"curies":[{"name":"wp","href":"https:\/\/api.w.org\/{rel}","templated":true}]}}