{"id":73,"date":"2015-07-06T09:00:18","date_gmt":"2015-07-06T09:00:18","guid":{"rendered":"http:\/\/handisport41.fr\/?page_id=73"},"modified":"2022-03-07T15:35:45","modified_gmt":"2022-03-07T15:35:45","slug":"association-jeunesse-blesoise-et-onzainoise","status":"publish","type":"page","link":"https:\/\/handisport41.fr\/?page_id=73","title":{"rendered":"Association Jeunesse Bl\u00e9soise et Onzainoise"},"content":{"rendered":"<p><a href=\"http:\/\/handisport41.fr\/wp-content\/uploads\/2022\/03\/Nouveau-LOGO-AJBO.jpg\"><img decoding=\"async\" loading=\"lazy\" class=\"size-medium wp-image-800 alignleft\" src=\"http:\/\/handisport41.fr\/wp-content\/uploads\/2022\/03\/Nouveau-LOGO-AJBO-300x149.jpg\" alt=\"\" width=\"300\" height=\"149\" srcset=\"https:\/\/handisport41.fr\/wp-content\/uploads\/2022\/03\/Nouveau-LOGO-AJBO-300x149.jpg 300w, https:\/\/handisport41.fr\/wp-content\/uploads\/2022\/03\/Nouveau-LOGO-AJBO-2x1.jpg 2w, https:\/\/handisport41.fr\/wp-content\/uploads\/2022\/03\/Nouveau-LOGO-AJBO.jpg 404w\" sizes=\"(max-width: 300px) 100vw, 300px\" \/><\/a><\/p>\n<p>cr\u00e9\u00e9e en 1912, pr\u00e9sid\u00e9e par Daniel AUBRY<\/p>\n<p><strong>Contact <\/strong>: <a href=\"mailto:a.j.b.o@wanadoo.fr\">a.j.b.o@wanadoo.fr<\/a>, 02 54 51 19 31,<\/p>\n<p><strong>Site internet :<\/strong> <a href=\"http:\/\/ajbo.athle.com\/\" target=\"_blank\" rel=\"noopener noreferrer\">ajbo.athle.com<\/a><\/p>\n<p><strong>Activit\u00e9 propos\u00e9e <\/strong>: athl\u00e9tisme (loisir et comp\u00e9tition)<\/p>\n<p><strong>Public accueilli <\/strong>: debout, fauteuil manuel, fauteuil \u00e9lectrique, d\u00e9ficient visuel, sourd<\/p>\n","protected":false},"excerpt":{"rendered":"<p>cr\u00e9\u00e9e en 1912, pr\u00e9sid\u00e9e par Daniel AUBRY Contact : a.j.b.o@wanadoo.fr, 02 54 51 19 31, Site internet : ajbo.athle.com Activit\u00e9 propos\u00e9e : athl\u00e9tisme (loisir et comp\u00e9tition) Public accueilli : debout, fauteuil manuel, fauteuil \u00e9lectrique, d\u00e9ficient visuel, sourd<\/p>\n","protected":false},"author":1,"featured_media":0,"parent":0,"menu_order":0,"comment_status":"closed","ping_status":"open","template":"","meta":[],"_links":{"self":[{"href":"https:\/\/handisport41.fr\/index.php?rest_route=\/wp\/v2\/pages\/73"}],"collection":[{"href":"https:\/\/handisport41.fr\/index.php?rest_route=\/wp\/v2\/pages"}],"about":[{"href":"https:\/\/handisport41.fr\/index.php?rest_route=\/wp\/v2\/types\/page"}],"author":[{"embeddable":true,"href":"https:\/\/handisport41.fr\/index.php?rest_route=\/wp\/v2\/users\/1"}],"replies":[{"embeddable":true,"href":"https:\/\/handisport41.fr\/index.php?rest_route=%2Fwp%2Fv2%2Fcomments&post=73"}],"version-history":[{"count":7,"href":"https:\/\/handisport41.fr\/index.php?rest_route=\/wp\/v2\/pages\/73\/revisions"}],"predecessor-version":[{"id":801,"href":"https:\/\/handisport41.fr\/index.php?rest_route=\/wp\/v2\/pages\/73\/revisions\/801"}],"wp:attachment":[{"href":"https:\/\/handisport41.fr\/index.php?rest_route=%2Fwp%2Fv2%2Fmedia&parent=73"}],"curies":[{"name":"wp","href":"https:\/\/api.w.org\/{rel}","templated":true}]}}